o base 4
-101
What is 2 (base 14) in base 12?
2
Convert 232 (base 6) to base 2.
1011100
Convert 41 (base 10) to base 14.
2d
What is -3 (base 14) in base 5?
-3
Convert 0 (base 6) to base 16.
0
What is -3 (base 6) in base 3?
-10
Convert -10 (base 16) to base 11.
-15
Convert 5 (base 15) to base 3.
12
121 (base 4) to base 13
1c
1 (base 15) to base 12
1
-16 (base 12) to base 13
-15
Convert 6 (base 15) to base 5.
11
Convert 5 (base 8) to base 14.
5
What is 16 (base 14) in base 8?
24
What is -32 (base 9) in base 14?
-21
10 (base 9) to base 7
12
Convert -2 (base 13) to base 4.
-2
Convert 36 (base 7) to base 11.
25
What is 1 (base 16) in base 15?
1
Convert 2 (base 11) to base 14.
2
Convert 10 (base 4) to base 9.
4
Convert -13 (base 6) to base 2.
-1001
What is -112 (base 10) in base 3?
-11011
What is 10 (base 11) in base 8?
13
What is -3220 (base 4) in base 5?
-1412
What is 1a4 (base 12) in base 16?
10c
Convert 37 (base 13) to base 5.
141
Convert d9 (base 14) to base 12.
13b
9 (base 12) to base 15
9
4 (base 8) to base 14
4
Convert 36 (base 12) to base 6.
110
What is 11 (base 7) in base 5?
13
Convert 5 (base 9) to base 3.
12
What is -26 (base 12) in base 3?
-1010
Convert -1021 (base 3) to base 10.
-34
-8 (base 16) to base 8
-10
What is -312 (base 6) in base 10?
-116
Convert 16c (base 14) to base 10.
292
What is -c (base 16) in base 2?
-1100
What is -5 (base 9) in base 13?
-5
201 (base 4) to base 13
27
What is -74 (base 14) in base 3?
-10210
What is 32 (base 4) in base 12?
12
23 (base 15) to base 4
201
What is 3 (base 4) in base 8?
3
What is 78 (base 13) in base 5?
344
Convert -3 (base 15) to base 4.
-3
1 (base 10) to base 15
1
Convert -3 (base 15) to base 10.
-3
What is -10011 (base 2) in base 10?
-19
What is -1122 (base 3) in base 8?
-54
What is -421 (base 5) in base 10?
-111
Convert 15 (base 16) to base 9.
23
What is b (base 15) in base 8?
13
Convert 9 (base 10) to base 12.
9
Convert -72 (base 15) to base 13.
-83
5 (base 14) to base 2
101
What is -1 (base 9) in base 5?
-1
-105 (base 9) to base 8
-126
Convert 0 (base 4) to base 7.
0
What is b (base 13) in base 12?
b
-120 (base 9) to base 4
-1203
Convert 11 (base 9) to base 5.
20
8 (base 10) to base 14
8
-3 (base 8) to base 15
-3
What is 102 (base 4) in base 14?
14
-28 (base 10) to base 7
-40
-1052 (base 6) to base 12
-188
102 (base 5) to base 10
27
23 (base 7) to base 11
16
151 (base 7) to base 12
71
What is 6 (base 12) in base 2?
110
-4 (base 16) to base 9
-4
Convert 1232 (base 4) to base 6.
302
-77 (base 16) to base 13
-92
What is 0 (base 16) in base 14?
0
Convert 24 (base 5) to base 7.
20
Convert 11 (base 2) to base 14.
3
What is -2 (base 3) in base 2?
-10
What is -140 (base 5) in base 3?
-1200
What is 7 (base 15) in base 12?
7
What is 403 (base 9) in base 14?
195
-1210 (base 3) to base 10
-48
What is -a (base 11) in base 15?
-a
Convert -31 (base 4) to base 14.
-d
30 (base 8) to base 16
18
Convert -120 (base 6) to base 9.
-53
Convert -dd (base 16) to base 8.
-335
-50 (base 8) to base 16
-28
What is 9 (base 10) in base 16?
9
What is -1 (base 14) in base 11?
-1
Convert 1001 (base 2) to base 6.
13
Convert -1010 (base 2) to base 4.
-22
Convert 140 (base 13) to base 14.
11b
Convert -2d (base 14) to base 16.
-29
What is 122 (base 6) in base 15?
35
Convert 120 (base 3) to base 8.
17
-5 (base 14) to base 3
-12
6 (base 14) to base 4
12
What is 3 (base 5) in base 7?
3
-7 (base 13) to base 12
-7
-10 (base 7) to base 9
-7
Convert 1001 (base 2) to base 7.
12
What is -2 (base 3) in base 16?
-2
3 (base 6) to base 14
3
Convert -9 (base 11) to base 2.
-1001
Convert 10 (base 2) to base 16.
2
What is 1 (base 14) in base 4?
1
Convert -13 (base 7) to base 4.
-22
-12 (base 16) to base 14
-14
-18 (base 9) to base 5
-32
What is -3 (base 6) in base 13?
-3
Convert -54 (base 6) to base 2.
-100010
Convert -1 (base 16) to base 2.
-1
What is 0 (base 15) in base 11?
0
Convert -38 (base 13) to base 8.
-57
What is 31 (base 9) in base 2?
11100
Convert -100100010 (base 2) to base 10.
-290
Convert -41 (base 15) to base 12.
-51
What is -1a (base 15) in base 7?
-34
What is -12 (base 6) in base 11?
-8
What is -35 (base 11) in base 14?
-2a
23 (base 11) to base 5
100
Convert -3000 (base 4) to base 9.
-233
What is 10 (base 3) in base 13?
3
-1 (base 16) to base 12
-1
-1211 (base 3) to base 4
-301
Convert 19a (base 11) to base 8.
346
Convert 33 (base 7) to base 10.
24
What is -3 (base 4) in base 9?
-3
What is 142 (base 7) in base 6?
211
What is -254 (base 8) in base 3?
-20101
-5 (base 6) to base 14
-5
-9 (base 14) to base 12
-9
-10 (base 9) to base 2
-1001
-13 (base 4) to base 13
-7
Convert -17 (base 10) to base 8.
-21
-55 (base 12) to base 15
-45
a (base 15) to base 10
10
Convert -2 (base 3) to base 14.
-2
-9 (base 10) to base 11
-9
What is 10101 (base 2) in base 15?
16
Convert -12 (base 9) to base 5.
-21
Convert -21 (base 7) to base 13.
-12
Convert -3 (base 4) to base 8.
-3
What is -15 (base 14) in base 3?
-201
Convert -10 (base 9) to base 13.
-9
16 (base 9) to base 7
21
What is -1 (base 2) in base 13?
-1
What is -b (base 16) in base 14?
-b
-1000 (base 3) to base 15
-1c
Convert -f (base 16) to base 10.
-15
What is -97 (base 14) in base 10?
-133
What is 5 (base 14) in base 10?
5
1 (base 5) to base 14
1
What is -1 (base 8) in base 3?
-1
Convert 0 (base 15) to base 5.
0
-22 (base 8) to base 12
-16
Convert -25 (base 9) to base 2.
-10111
What is 4 (base 9) in base 7?
4
What is 1112 (base 6) in base 2?
100000100
What is 4 (base 16) in base 10?
4
-73 (base 12) to base 14
-63
5 (base 16) to base 14
5
-5 (base 6) to base 10
-5
What is 88 (base 10) in base 14?
64
Convert 26 (base 10) to base 11.
24
What is -4 (base 15) in base 3?
-11
Convert 11 (base 2) to base 9.
3
Convert 0 (base 4) to base 7.
0
What is 1a (base 13) in base 3?
212
110000 (base 2) to base 14
36
What is -e (base 16) in base 5?
-24
Convert -10 (base 5) to base 11.
-5
Convert 1 (base 4) to base 3.
1
What is -aa (base 11) in base 14?
-88
What is -111000 (base 2) in base 3?
-2002
What is -8 (base 9) in base 16?
-8
29 (base 13) to base 16
23
Convert 0 (base 3) to base 10.
0
-27 (base 13) to base 16
-21
What is 24 (base 5) in base 16?
e
Convert -4 (base 16) to base 12.
-4
What is 23 (base 8) in base 16?
13
4 (base 10) to base 14
4
-11 (base 2) to base 13
-3
What is 1 (base 14) in base 12?
1
62 (base 8) to base 13
3b
Convert -71 (base 10) to base 8.
-107
Convert 3 (base 16) to base 13.
3
-211 (base 4) to base 16
-25
What is bb (base 12) in base 9?
168
11 (base 5) to base 13
6
1 (base 9) to base 5
1
Convert -12 (base 5) to base 8.
-7
-11 (base 9) to base 13
-a
Convert -104 (base 5) to base 10.
-29
0 (base 7) to base 13
0
-1 (base 16) to base 5
-1
What is -36 (base 8) in base 13?
-24
-1 (base 2) to base 4
-1
Convert -1010011 (base 2) to base 5.
-313
-1 (base 15) to base 5
-1
Convert -1010 (base 2) to base 12.
-a
-101211 (base 3) to base 4
-10210
What is 1 (base 11) in base 16?
1
What is -a6 (base 11) in base 2?
-1110100
-10 (base 15) to base 10
-15
Convert 133 (base 4) to base 2.
11111
Convert 34 (base 10) to base 11.
31
Convert 4 (base 8) to base 15.
4
0 (base 11) to base 5
0
What is -3 (base 13) in base 12?
-3
0 (base 12) to base 5
0
-4 (base 6) to base 3
-11
Convert -10002 (base 3) to base 13.
-65
32 (base 5) to base 3
122
Convert 12 (base 4) to base 16.
6
-102 (base 4) to base 5
-33
Convert -2 (base 5) to base 8.
-2
What is -30 (base 10) in base 12?
-26
What is -137 (base 8) in base 5?
-340
What is -1011 (base 2) in base 3?
-102
Convert 11 (base 3) to base 2.
100
-15 (base 11) to base 12
-14
Convert 114 (base 6) to base 13.
37
-41 (base 9) to base 4
-211
Convert -2 (base 9) to base 5.
-2
Convert -1112 (base 4) to base 6.
-222
Convert -220 (base 6) to base 12.
-70
111101 (base 2) to base 15
41
What is 3 (base 11) in base 10?
3
What is 4 (base 5) in base 3?
11
What is 75 (base 9) in base 8?
104
Convert 0 (base 2) to base 12.
0
What is 129 (base 12) in base 7?
342
Convert 12 (base 3) to base 10.
5
-307 (base 8) to base 11
-171
What is 3 (base 12) in base 2?
11
0 (base 8) to base 3
0
Convert 13 (base 6) to base 4.
21
-38 (base 9) to base 3
-1022
What is 2 (base 7) in base 14?
2
Convert 92 (base 10) to base 4.
1130
What is -12 (base 3) in base 12?
-5
-15 (base 16) to base 13
-18
177 (base 